{"id":26,"date":"2018-08-18T11:37:46","date_gmt":"2018-08-18T11:37:46","guid":{"rendered":"http:\/\/sandberghof.org\/?page_id=26"},"modified":"2021-02-13T08:29:24","modified_gmt":"2021-02-13T08:29:24","slug":"gemeinschaftlich","status":"publish","type":"page","link":"http:\/\/sandberghof.org\/?page_id=26","title":{"rendered":"gemeinschaftlich"},"content":{"rendered":"\t\t<div data-elementor-type=\"wp-post\" data-elementor-id=\"26\" class=\"elementor elementor-26 elementor-bc-flex-widget\" data-elementor-settings=\"[]\">\n\t\t\t\t\t\t<div class=\"elementor-inner\">\n\t\t\t\t\t\t\t<div class=\"elementor-section-wrap\">\n\t\t\t\t\t\t\t<section class=\"elementor-section elementor-top-section elementor-element elementor-element-8ac37bd elementor-section-boxed elementor-section-height-default elementor-section-height-default\" data-id=\"8ac37bd\" data-element_type=\"section\">\n\t\t\t\t\t\t<div class=\"elementor-container elementor-column-gap-default\">\n\t\t\t\t\t\t\t<div class=\"elementor-row\">\n\t\t\t\t\t<div class=\"elementor-column elementor-col-100 elementor-top-column elementor-element elementor-element-22a0792\" data-id=\"22a0792\" data-element_type=\"column\">\n\t\t\t<div class=\"elementor-column-wrap elementor-element-populated\">\n\t\t\t\t\t\t\t<div class=\"elementor-widget-wrap\">\n\t\t\t\t\t\t<div class=\"elementor-element elementor-element-5f46ca6 elementor-widget elementor-widget-spacer\" data-id=\"5f46ca6\" data-element_type=\"widget\" data-widget_type=\"spacer.default\">\n\t\t\t\t<div class=\"elementor-widget-container\">\n\t\t\t\t\t<div class=\"elementor-spacer\">\n\t\t\t<div class=\"elementor-spacer-inner\"><\/div>\n\t\t<\/div>\n\t\t\t\t<\/div>\n\t\t\t\t<\/div>\n\t\t\t\t<div class=\"elementor-element elementor-element-ada14bc elementor-widget elementor-widget-heading\" data-id=\"ada14bc\" data-element_type=\"widget\" data-widget_type=\"heading.default\">\n\t\t\t\t<div class=\"elementor-widget-container\">\n\t\t\t<h2 class=\"elementor-heading-title elementor-size-xxl\">gemeinschaftlich<\/h2>\t\t<\/div>\n\t\t\t\t<\/div>\n\t\t\t\t\t\t<\/div>\n\t\t\t\t\t<\/div>\n\t\t<\/div>\n\t\t\t\t\t\t\t\t<\/div>\n\t\t\t\t\t<\/div>\n\t\t<\/section>\n\t\t\t\t<section class=\"elementor-section elementor-top-section elementor-element elementor-element-0c1b7d0 elementor-section-boxed elementor-section-height-default elementor-section-height-default\" data-id=\"0c1b7d0\" data-element_type=\"section\">\n\t\t\t\t\t\t<div class=\"elementor-container elementor-column-gap-default\">\n\t\t\t\t\t\t\t<div class=\"elementor-row\">\n\t\t\t\t\t<div class=\"elementor-column elementor-col-50 elementor-top-column elementor-element elementor-element-dcc400b\" data-id=\"dcc400b\" data-element_type=\"column\">\n\t\t\t<div class=\"elementor-column-wrap elementor-element-populated\">\n\t\t\t\t\t\t\t<div class=\"elementor-widget-wrap\">\n\t\t\t\t\t\t<div class=\"elementor-element elementor-element-dcfde16 elementor-widget elementor-widget-spacer\" data-id=\"dcfde16\" data-element_type=\"widget\" data-widget_type=\"spacer.default\">\n\t\t\t\t<div class=\"elementor-widget-container\">\n\t\t\t\t\t<div class=\"elementor-spacer\">\n\t\t\t<div class=\"elementor-spacer-inner\"><\/div>\n\t\t<\/div>\n\t\t\t\t<\/div>\n\t\t\t\t<\/div>\n\t\t\t\t<div class=\"elementor-element elementor-element-74c0dbd elementor-widget elementor-widget-text-editor\" data-id=\"74c0dbd\" data-element_type=\"widget\" data-widget_type=\"text-editor.default\">\n\t\t\t\t<div class=\"elementor-widget-container\">\n\t\t\t\t\t\t\t\t<div class=\"elementor-text-editor elementor-clearfix\">\n\t\t\t\t<p><span style=\"color: #ffffff;\">Wir sind eine Gruppe von Menschen, die ihre Zukunft im Blick hat. Vorausschauend be-sch\u00e4ftigen wir uns mit den Fragen nach den Bed\u00fcrfnissen f\u00fcr das Wohnen und Leben in der letzten Lebensphase.<\/span><\/p>\n<p>Um die h\u00f6chste individuelle Wohn- und Le-bensqualit\u00e4t und Autonomie f\u00fcr uns alle so lange wie m\u00f6glich zu gew\u00e4hrleisten, haben wir die Idee zu unserem Wohnprojekt gemeinsam entwickelt.<\/p>\n<p>F\u00fcnf Paare begannen 2003 mit der denkmal-gerechten Sanierung eines heruntergekom-menen Anwesens mit dem Ziel, es f\u00fcr das ge-meinschaftliche Leben zu nutzen. Heute sind wir 11 Personen zwischen \u00fc60 und \u00fc80 Jahren und leben seit 2007 zusammen im Sandberghof in Darmstadt-Bessungen.<\/p>\n<p>\u00a0<\/p>\t\t\t\t\t<\/div>\n\t\t\t\t\t\t<\/div>\n\t\t\t\t<\/div>\n\t\t\t\t\t\t<\/div>\n\t\t\t\t\t<\/div>\n\t\t<\/div>\n\t\t\t\t<div class=\"elementor-column elementor-col-50 elementor-top-column elementor-element elementor-element-4975fe6\" data-id=\"4975fe6\" data-element_type=\"column\">\n\t\t\t<div class=\"elementor-column-wrap elementor-element-populated\">\n\t\t\t\t\t\t\t<div class=\"elementor-widget-wrap\">\n\t\t\t\t\t\t<div class=\"elementor-element elementor-element-d8165d4 elementor-widget elementor-widget-spacer\" data-id=\"d8165d4\" data-element_type=\"widget\" data-widget_type=\"spacer.default\">\n\t\t\t\t<div class=\"elementor-widget-container\">\n\t\t\t\t\t<div class=\"elementor-spacer\">\n\t\t\t<div class=\"elementor-spacer-inner\"><\/div>\n\t\t<\/div>\n\t\t\t\t<\/div>\n\t\t\t\t<\/div>\n\t\t\t\t<div class=\"elementor-element elementor-element-efbd212 elementor-widget elementor-widget-image\" data-id=\"efbd212\" data-element_type=\"widget\" data-widget_type=\"image.default\">\n\t\t\t\t<div class=\"elementor-widget-container\">\n\t\t\t\t\t\t\t\t<div class=\"elementor-image\">\n\t\t\t\t\t\t\t\t\t\t\t\t<img loading=\"lazy\" decoding=\"async\" width=\"1024\" height=\"740\" src=\"http:\/\/sandberghof.org\/wp-content\/uploads\/2018\/09\/DSC_4409-2-1024x740.jpg\" class=\"attachment-large size-large\" alt=\"gemeinschaftlich\" srcset=\"http:\/\/sandberghof.org\/wp-content\/uploads\/2018\/09\/DSC_4409-2-1024x740.jpg 1024w, http:\/\/sandberghof.org\/wp-content\/uploads\/2018\/09\/DSC_4409-2-300x217.jpg 300w, http:\/\/sandberghof.org\/wp-content\/uploads\/2018\/09\/DSC_4409-2-768x555.jpg 768w\" sizes=\"(max-width: 1024px) 100vw, 1024px\" title=\"gemeinschaftlich\" \/>\t\t\t\t\t\t\t\t\t\t\t\t\t\t<\/div>\n\t\t\t\t\t\t<\/div>\n\t\t\t\t<\/div>\n\t\t\t\t\t\t<\/div>\n\t\t\t\t\t<\/div>\n\t\t<\/div>\n\t\t\t\t\t\t\t\t<\/div>\n\t\t\t\t\t<\/div>\n\t\t<\/section>\n\t\t\t\t<section class=\"elementor-section elementor-top-section elementor-element elementor-element-3d52b6d elementor-section-boxed elementor-section-height-default elementor-section-height-default\" data-id=\"3d52b6d\" data-element_type=\"section\">\n\t\t\t\t\t\t<div class=\"elementor-container elementor-column-gap-default\">\n\t\t\t\t\t\t\t<div class=\"elementor-row\">\n\t\t\t\t\t<div class=\"elementor-column elementor-col-100 elementor-top-column elementor-element elementor-element-5de50c0\" data-id=\"5de50c0\" data-element_type=\"column\">\n\t\t\t<div class=\"elementor-column-wrap\">\n\t\t\t\t\t\t\t<div class=\"elementor-widget-wrap\">\n\t\t\t\t\t\t\t\t<\/div>\n\t\t\t\t\t<\/div>\n\t\t<\/div>\n\t\t\t\t\t\t\t\t<\/div>\n\t\t\t\t\t<\/div>\n\t\t<\/section>\n\t\t\t\t\t\t<\/div>\n\t\t\t\t\t\t<\/div>\n\t\t\t\t\t<\/div>\n\t\t","protected":false},"excerpt":{"rendered":"<p>gemeinschaftlich Wir sind eine Gruppe von Menschen, die ihre Zukunft im Blick hat. Vorausschauend be-sch\u00e4ftigen wir uns mit den Fragen nach den Bed\u00fcrfnissen f\u00fcr das Wohnen und Leben in der letzten Lebensphase. Um die h\u00f6chste individuelle Wohn- und Le-bensqualit\u00e4t und Autonomie f\u00fcr uns alle so lange wie m\u00f6glich zu gew\u00e4hrleisten, haben wir die Idee zu [&hellip;]<\/p>\n","protected":false},"author":1,"featured_media":0,"parent":0,"menu_order":0,"comment_status":"closed","ping_status":"closed","template":"elementor_header_footer","meta":{"footnotes":""},"_links":{"self":[{"href":"http:\/\/sandberghof.org\/index.php?rest_route=\/wp\/v2\/pages\/26"}],"collection":[{"href":"http:\/\/sandberghof.org\/index.php?rest_route=\/wp\/v2\/pages"}],"about":[{"href":"http:\/\/sandberghof.org\/index.php?rest_route=\/wp\/v2\/types\/page"}],"author":[{"embeddable":true,"href":"http:\/\/sandberghof.org\/index.php?rest_route=\/wp\/v2\/users\/1"}],"replies":[{"embeddable":true,"href":"http:\/\/sandberghof.org\/index.php?rest_route=%2Fwp%2Fv2%2Fcomments&post=26"}],"version-history":[{"count":42,"href":"http:\/\/sandberghof.org\/index.php?rest_route=\/wp\/v2\/pages\/26\/revisions"}],"predecessor-version":[{"id":536,"href":"http:\/\/sandberghof.org\/index.php?rest_route=\/wp\/v2\/pages\/26\/revisions\/536"}],"wp:attachment":[{"href":"http:\/\/sandberghof.org\/index.php?rest_route=%2Fwp%2Fv2%2Fmedia&parent=26"}],"curies":[{"name":"wp","href":"https:\/\/api.w.org\/{rel}","templated":true}]}}