{"id":28,"date":"2018-08-18T11:37:58","date_gmt":"2018-08-18T11:37:58","guid":{"rendered":"http:\/\/sandberghof.org\/?page_id=28"},"modified":"2018-09-08T07:41:29","modified_gmt":"2018-09-08T07:41:29","slug":"nachhaltig","status":"publish","type":"page","link":"http:\/\/sandberghof.org\/?page_id=28","title":{"rendered":"nachhaltig"},"content":{"rendered":"\t\t<div data-elementor-type=\"wp-post\" data-elementor-id=\"28\" class=\"elementor elementor-28 elementor-bc-flex-widget\" data-elementor-settings=\"[]\">\n\t\t\t\t\t\t<div class=\"elementor-inner\">\n\t\t\t\t\t\t\t<div class=\"elementor-section-wrap\">\n\t\t\t\t\t\t\t<section class=\"elementor-section elementor-top-section elementor-element elementor-element-7374fb6e elementor-section-boxed elementor-section-height-default elementor-section-height-default\" data-id=\"7374fb6e\" data-element_type=\"section\">\n\t\t\t\t\t\t<div class=\"elementor-container elementor-column-gap-default\">\n\t\t\t\t\t\t\t<div class=\"elementor-row\">\n\t\t\t\t\t<div class=\"elementor-column elementor-col-100 elementor-top-column elementor-element elementor-element-121a937d\" data-id=\"121a937d\" data-element_type=\"column\">\n\t\t\t<div class=\"elementor-column-wrap elementor-element-populated\">\n\t\t\t\t\t\t\t<div class=\"elementor-widget-wrap\">\n\t\t\t\t\t\t<div class=\"elementor-element elementor-element-3dc1753b elementor-widget elementor-widget-spacer\" data-id=\"3dc1753b\" data-element_type=\"widget\" data-widget_type=\"spacer.default\">\n\t\t\t\t<div class=\"elementor-widget-container\">\n\t\t\t\t\t<div class=\"elementor-spacer\">\n\t\t\t<div class=\"elementor-spacer-inner\"><\/div>\n\t\t<\/div>\n\t\t\t\t<\/div>\n\t\t\t\t<\/div>\n\t\t\t\t<div class=\"elementor-element elementor-element-3bea4c60 elementor-widget elementor-widget-heading\" data-id=\"3bea4c60\" data-element_type=\"widget\" data-widget_type=\"heading.default\">\n\t\t\t\t<div class=\"elementor-widget-container\">\n\t\t\t<h2 class=\"elementor-heading-title elementor-size-xxl\">nachhaltig<\/h2>\t\t<\/div>\n\t\t\t\t<\/div>\n\t\t\t\t\t\t<\/div>\n\t\t\t\t\t<\/div>\n\t\t<\/div>\n\t\t\t\t\t\t\t\t<\/div>\n\t\t\t\t\t<\/div>\n\t\t<\/section>\n\t\t\t\t<section class=\"elementor-section elementor-top-section elementor-element elementor-element-2eb2ea56 elementor-section-content-bottom elementor-section-boxed elementor-section-height-default elementor-section-height-default\" data-id=\"2eb2ea56\" data-element_type=\"section\">\n\t\t\t\t\t\t<div class=\"elementor-container elementor-column-gap-default\">\n\t\t\t\t\t\t\t<div class=\"elementor-row\">\n\t\t\t\t\t<div class=\"elementor-column elementor-col-50 elementor-top-column elementor-element elementor-element-2c48db81\" data-id=\"2c48db81\" data-element_type=\"column\">\n\t\t\t<div class=\"elementor-column-wrap elementor-element-populated\">\n\t\t\t\t\t\t\t<div class=\"elementor-widget-wrap\">\n\t\t\t\t\t\t<div class=\"elementor-element elementor-element-5999d31d elementor-widget elementor-widget-spacer\" data-id=\"5999d31d\" data-element_type=\"widget\" data-widget_type=\"spacer.default\">\n\t\t\t\t<div class=\"elementor-widget-container\">\n\t\t\t\t\t<div class=\"elementor-spacer\">\n\t\t\t<div class=\"elementor-spacer-inner\"><\/div>\n\t\t<\/div>\n\t\t\t\t<\/div>\n\t\t\t\t<\/div>\n\t\t\t\t<div class=\"elementor-element elementor-element-53af6710 elementor-widget elementor-widget-text-editor\" data-id=\"53af6710\" data-element_type=\"widget\" data-widget_type=\"text-editor.default\">\n\t\t\t\t<div class=\"elementor-widget-container\">\n\t\t\t\t\t\t\t\t<div class=\"elementor-text-editor elementor-clearfix\">\n\t\t\t\t<p>Wir haben alten Geb\u00e4udebestand energetisch saniert unter Verwendung traditioneller Mate-rialien (Holz, Lehm, Stroh).<\/p><p>Viel Eigenleistung erbrachten wir bei der Ent-kernung der Geb\u00e4ude. Wieder Verwertbares <br \/>wurde geborgen (Dachziegel, Holz, Fu\u00dfb\u00f6den).<\/p><p>\u00a0<\/p>\t\t\t\t\t<\/div>\n\t\t\t\t\t\t<\/div>\n\t\t\t\t<\/div>\n\t\t\t\t\t\t<\/div>\n\t\t\t\t\t<\/div>\n\t\t<\/div>\n\t\t\t\t<div class=\"elementor-column elementor-col-50 elementor-top-column elementor-element elementor-element-5430d499\" data-id=\"5430d499\" data-element_type=\"column\">\n\t\t\t<div class=\"elementor-column-wrap elementor-element-populated\">\n\t\t\t\t\t\t\t<div class=\"elementor-widget-wrap\">\n\t\t\t\t\t\t<div class=\"elementor-element elementor-element-2058e83 elementor-widget elementor-widget-image\" data-id=\"2058e83\" data-element_type=\"widget\" data-widget_type=\"image.default\">\n\t\t\t\t<div class=\"elementor-widget-container\">\n\t\t\t\t\t\t\t\t<div class=\"elementor-image\">\n\t\t\t\t\t\t\t\t\t\t\t\t<img decoding=\"async\" src=\"http:\/\/sandberghof.org\/wp-content\/uploads\/elementor\/thumbs\/wp62517708_06-nurogtdf8nucow1d0y0bvoh4oiehna2t9wcf4bvflw.png\" title=\"wp62517708_06\" alt=\"wp62517708_06\" \/>\t\t\t\t\t\t\t\t\t\t\t\t\t\t<\/div>\n\t\t\t\t\t\t<\/div>\n\t\t\t\t<\/div>\n\t\t\t\t\t\t<\/div>\n\t\t\t\t\t<\/div>\n\t\t<\/div>\n\t\t\t\t\t\t\t\t<\/div>\n\t\t\t\t\t<\/div>\n\t\t<\/section>\n\t\t\t\t<section class=\"elementor-section elementor-top-section elementor-element elementor-element-1f2f628b elementor-section-boxed elementor-section-height-default elementor-section-height-default\" data-id=\"1f2f628b\" data-element_type=\"section\">\n\t\t\t\t\t\t<div class=\"elementor-container elementor-column-gap-default\">\n\t\t\t\t\t\t\t<div class=\"elementor-row\">\n\t\t\t\t\t<div class=\"elementor-column elementor-col-50 elementor-top-column elementor-element elementor-element-6376865d\" data-id=\"6376865d\" data-element_type=\"column\">\n\t\t\t<div class=\"elementor-column-wrap elementor-element-populated\">\n\t\t\t\t\t\t\t<div class=\"elementor-widget-wrap\">\n\t\t\t\t\t\t<div class=\"elementor-element elementor-element-20359b2 elementor-widget elementor-widget-text-editor\" data-id=\"20359b2\" data-element_type=\"widget\" data-widget_type=\"text-editor.default\">\n\t\t\t\t<div class=\"elementor-widget-container\">\n\t\t\t\t\t\t\t\t<div class=\"elementor-text-editor elementor-clearfix\">\n\t\t\t\t<p>Sonnenenergie erw\u00e4rmt das Brauchwasser. Wir benutzen unsere Waschmaschine gemeinsam. <br>Die einzelnen Wohnungen k\u00f6nnen klein sein, weil <br>wir einen gro\u00dfen Gemeinschaftsraum sowie G\u00e4stezimmer, Atelier und Werkstatt haben.<\/p>\n<p>Mit unseren Fahrr\u00e4dern und dem breiten Angebot des \u00f6ffentlichen Nahverkehrs ersetzen wir so oft wie m\u00f6glich den PKW.<\/p>\t\t\t\t\t<\/div>\n\t\t\t\t\t\t<\/div>\n\t\t\t\t<\/div>\n\t\t\t\t\t\t<\/div>\n\t\t\t\t\t<\/div>\n\t\t<\/div>\n\t\t\t\t<div class=\"elementor-column elementor-col-50 elementor-top-column elementor-element elementor-element-fdf8322\" data-id=\"fdf8322\" data-element_type=\"column\">\n\t\t\t<div class=\"elementor-column-wrap elementor-element-populated\">\n\t\t\t\t\t\t\t<div class=\"elementor-widget-wrap\">\n\t\t\t\t\t\t<div class=\"elementor-element elementor-element-af44b2b elementor-widget elementor-widget-image\" data-id=\"af44b2b\" data-element_type=\"widget\" data-widget_type=\"image.default\">\n\t\t\t\t<div class=\"elementor-widget-container\">\n\t\t\t\t\t\t\t\t<div class=\"elementor-image\">\n\t\t\t\t\t\t\t\t\t\t\t\t<img decoding=\"async\" src=\"http:\/\/sandberghof.org\/wp-content\/uploads\/elementor\/thumbs\/DSC05805_2-e1536061521819-nvmgtq91lgqegddcvie8o9nugxej6beu1p5y84al6s.jpeg\" title=\"DSC05805_2\" alt=\"DSC05805_2\" \/>\t\t\t\t\t\t\t\t\t\t\t\t\t\t<\/div>\n\t\t\t\t\t\t<\/div>\n\t\t\t\t<\/div>\n\t\t\t\t\t\t<\/div>\n\t\t\t\t\t<\/div>\n\t\t<\/div>\n\t\t\t\t\t\t\t\t<\/div>\n\t\t\t\t\t<\/div>\n\t\t<\/section>\n\t\t\t\t\t\t<\/div>\n\t\t\t\t\t\t<\/div>\n\t\t\t\t\t<\/div>\n\t\t","protected":false},"excerpt":{"rendered":"<p>nachhaltig Wir haben alten Geb\u00e4udebestand energetisch saniert unter Verwendung traditioneller Mate-rialien (Holz, Lehm, Stroh). Viel Eigenleistung erbrachten wir bei der Ent-kernung der Geb\u00e4ude. Wieder Verwertbares wurde geborgen (Dachziegel, Holz, Fu\u00dfb\u00f6den). \u00a0 Sonnenenergie erw\u00e4rmt das Brauchwasser. Wir benutzen unsere Waschmaschine gemeinsam. Die einzelnen Wohnungen k\u00f6nnen klein sein, weil wir einen gro\u00dfen Gemeinschaftsraum sowie G\u00e4stezimmer, Atelier und [&hellip;]<\/p>\n","protected":false},"author":1,"featured_media":0,"parent":0,"menu_order":0,"comment_status":"closed","ping_status":"closed","template":"","meta":{"footnotes":""},"_links":{"self":[{"href":"http:\/\/sandberghof.org\/index.php?rest_route=\/wp\/v2\/pages\/28"}],"collection":[{"href":"http:\/\/sandberghof.org\/index.php?rest_route=\/wp\/v2\/pages"}],"about":[{"href":"http:\/\/sandberghof.org\/index.php?rest_route=\/wp\/v2\/types\/page"}],"author":[{"embeddable":true,"href":"http:\/\/sandberghof.org\/index.php?rest_route=\/wp\/v2\/users\/1"}],"replies":[{"embeddable":true,"href":"http:\/\/sandberghof.org\/index.php?rest_route=%2Fwp%2Fv2%2Fcomments&post=28"}],"version-history":[{"count":22,"href":"http:\/\/sandberghof.org\/index.php?rest_route=\/wp\/v2\/pages\/28\/revisions"}],"predecessor-version":[{"id":351,"href":"http:\/\/sandberghof.org\/index.php?rest_route=\/wp\/v2\/pages\/28\/revisions\/351"}],"wp:attachment":[{"href":"http:\/\/sandberghof.org\/index.php?rest_route=%2Fwp%2Fv2%2Fmedia&parent=28"}],"curies":[{"name":"wp","href":"https:\/\/api.w.org\/{rel}","templated":true}]}}